 Let j be f(b). What is the highest common factor of j and 4?
4
Suppose 2*h - 8 = -0*h. Suppose -v - 6 = -7. Let b be (v - (-3)/h)*4. What is the greatest common divisor of 1 and b?
1
Suppose v = -4*p - 4 - 4, -2*p - 58 = -4*v. Suppose -v = 3*a, -3*m - m + 4*a + 124 = 0. Suppose -s + m = -48. What is the greatest common factor of s and 50?
25
Suppose 5*q + 4*k - 112 = 0, 70 = 3*q - 3*k + 4*k. Suppose -263 - 217 = -4*w. Calculate the highest common divisor of w and q.
24
Let p(x) = x**3 - 11*x**2 - 13*x + 3. Let o be p(12). Let f be 10*(-2)/5*o. Calculate the highest common factor of 4 and f.
4
Let z = 3 + 19. Let p = 5 + -5. Suppose 2*l + l - 330 = p. Calculate the highest common factor of l and z.
22
Let t(k) = k**3 + 6*k**2 - 2*k + 3. Let n be t(-6). Calculate the greatest common divisor of 120 and n.
15
Suppose -2*b - 1 - 33 = 0. Let d = b + 12. Let m = d - -6. Calculate the greatest common divisor of 1 and m.
1
Suppose -3*r + 30 = -0*r. Let n(g) = -g**3 - 7*g**2 - 6*g + 4. Let m be n(-6). Calculate the highest common divisor of r and m.
2
Suppose -6*q + 18*q = -36. Let a be 32 + 0/1 + 0. Let f be (q/(-4))/(4/a). What is the greatest common divisor of f and 30?
6
Let k be 1 + 2 + 1 + 0. Suppose k*g - 408 = -3*o, 6*o + 2*g - 270 = 4*o. Calculate the highest common divisor of 12 and o.
12
Suppose 2*f + 2*u - u - 17 = 0, 3*f - 26 = -2*u. What is the greatest common divisor of 8 and f?
8
Let m be (13 - -11) + 0/1. Calculate the highest common factor of 456 and m.
24
Let z be (2/(-3))/((-4)/30). Suppose 7 = -z*p + 47. Calculate the greatest common divisor of 8 and p.
8
Suppose -3*f + 100 = -5*a, 4*a = 2*f - 7*f + 105. Let u be 81 + -4 + 2/(-1). What is the greatest common divisor of u and f?
25
Suppose -b = -2*u + 3*b + 88, -5*u = -b - 175. Suppose -204 = -5*q + q. Calculate the greatest common factor of q and u.
17
Suppose 0*u + u - 2 = 0. Suppose -12 = -u*i + 58. Calculate the greatest common divisor of 14 and i.
7
Suppose a - 46 = -3*s, 5*a = -0*s - 5*s + 80. Suppose 3*n = s, 2*t = n - 52 + 3. Let u = 32 + t. Calculate the greatest common divisor of u and 25.
5
Suppose -8 = -3*d - u, -4*d = -5*u + 3 - 1. Suppose d*z + 2*m - 2 = 2, 2 = m. Suppose -476 = -4*s - z*s. Calculate the greatest common divisor of 17 and s.
17
Suppose 0 = -2*g + g - 15. Let r = -7 - g. Let f be (-14)/(-77) + 20/11. What is the highest common factor of r and f?
2
Suppose 3*k = -3*h - 1 + 13, 5*k - 26 = -2*h. Let l be k/(-4)*42/1. Let f be l/(1 - 6/3). Calculate the greatest common factor of f and 7.
7
Let r(n) = -n**3 + 11*n**2 + 15*n - 12. Let y be r(12). Calculate the greatest common factor of y and 3.
3
Suppose 0 = -14*l - 7 + 63. Calculate the greatest common divisor of l and 4.
4
Let w(p) = -2*p**3 - 2. Let j be w(-2). Calculate the greatest common divisor of 14 and j.
14
Suppose 441 = 4*m - 395. Let u(y) = y**2 - 1. Let d(z) = 13*z**2 + 6. Let c(h) = d(h) + 5*u(h). Let p be c(-1). What is the greatest common factor of p and m?
19
Let f be -2*1*(-13 + 6 + 1). Let x(g) = 3*g**2 - 7*g + 4. Let q be x(4). Calculate the highest common divisor of f and q.
12
Suppose 0 = 2*s - s - 178. Suppose 4*a + s = 38. Let h = a + 50. Calculate the greatest common factor of h and 135.
15
Suppose -6 = -2*i + 3*u, 0*u - 9 = -3*i + u. Suppose c = i*c - 10. Let a be 11*-9*(4 - c). Calculate the greatest common divisor of a and 11.
11
Let t be ((-3)/2)/(15/(-130)). Calculate the greatest common factor of 13 and t.
13
Suppose -3*b = 3*u - 18, -5*b + 17 = 2*u - 7. Suppose -u = v - 7. Suppose y + 2 = -4*x + 1, -y - 4 = v*x. Calculate the greatest common factor of y and 11.
11
Suppose -u = a + 44, -3 = -4*a - 2*u - 179. Let s = a + 100. What is the greatest common factor of s and 8?
8
Let s(x) = x**2 - 4*x + 6. Let h be s(3). What is the greatest common factor of 15 and h?
3
Let o(n) = 4*n**2 + 8*n + 8. Let v = -6 - -10. Let w be -1 - v - (-2 - -5). Let u be o(w). Calculate the highest common divisor of 25 and u.
25
Suppose 132 = 5*x - 38. Suppose -2*l - 2*d = -x, d = -7*l + 2*l + 81. Calculate the greatest common factor of l and 112.
16
Let l = -15 + 22. Suppose l*t = 4*t + 63. What is the highest common factor of t and 14?
7
Let n = 151 - 91. What is the greatest common divisor of n and 30?
30
Let u be -1 + 0 + 1 + 128. Suppose -2*j = -0*j - u. Suppose r + 3*i = 8, 2*r - 12 = -3*i + 4. What is the highest common divisor of j and r?
8
Suppose 5*g - 15 = 65. Let d(a) = a**3 + 8*a**2 - 8*a + 4. Let o be d(-9). Let n = o + 9. What is the greatest common divisor of n and g?
4
Let c = -2 - -3. Let p(s) = 64*s**2 - s + 1. Let n be p(c). Suppose -3*b = 5*l - n, -2*l + l - 4*b = -6. Calculate the highest common divisor of l and 126.
14
Let j(f) = -4*f**3 - f**2 - f - 1. Let t be j(-1). Let s be 151 + -1 + -3 + t. Calculate the greatest common factor of s and 30.
30
Suppose 0 = g - 13. What is the highest common divisor of 143 and g?
13
Let o(f) = f**3 - 3*f**2 - 5*f + 1. Let v be o(4). Let a be (22 - 1)/(v/(-6)). Let n be 8*((-71)/(-36) - 6/27). What is the greatest common divisor of a and n?
14
Suppose -s + 769 = 2*h - 0*s, -2*h + 3*s + 749 = 0. Let w = h - 57. Suppose -9 = -3*a, 20 = 5*r - 5*a - w. What is the greatest common factor of 8 and r?
8
Let v be (-28)/((-3)/(-3) - 0). Let y = 40 + v. Calculate the greatest common factor of 132 and y.
12
Let y(t) = -t**3 + 5*t**2 - 3. Suppose -12 = -3*u - 0. Let a be ((-3)/u)/(1/(-4)). Let j be y(a). Calculate the greatest common divisor of 10 and j.
5
Suppose i + i = 116. Let o be (i - 0) + (-2)/2. What is the highest common factor of 19 and o?
19
Let h be 53 - -2*12/8. Let c(o) = -4*o - 6. Let w be c(-5). What is the greatest common divisor of w and h?
14
Let m be -2*(-3)/(18/15). Suppose m*i - 2*i = 702. Calculate the greatest common factor of i and 26.
26
Suppose -l + p + 8 + 0 = 0, -2*p - 8 = 0. Suppose 32 = l*z - 88. Calculate the greatest common factor of 6 and z.
6
Let x be (1 - -1)/((-1)/(-14)). Let n = x + -13. Suppose 3*u + 1 = 10. What is the highest common factor of u and n?
3
Suppose 2*d + 3 - 121 = -4*r, -64 = -2*r + 4*d. What is the highest common factor of 12 and r?
6
Let n(t) = 5*t + 106 - 54 - 52. Let s = 4 + -3. Let p be n(s). What is the greatest common factor of 5 and p?
5
Suppose -2*m = 3*m - 720. Let a be (2 + -6 + 0)/(-1) - -12. Calculate the highest common divisor of a and m.
16
Suppose -3*p - 21 = -6*n + 3*n, 3*n - 27 = 5*p. Calculate the highest common divisor of 32 and n.
4
Let h be 2/1*(-9)/(-6). What is the greatest common factor of h and 15?
3
Suppose -3*d - 106 = -2*o - 2*o, 4*d - 3*o = -132. Let j = d - -42. Calculate the greatest common factor of j and 60.
12
Suppose -2*m + 550 = 3*u, -4*u = -3*m + m - 738. Let v = -79 + u. Calculate the greatest common divisor of 15 and v.
15
Let i(l) = -l**2 + 8*l - 5. Let o be 4/4*6 - 1. Let x be i(o). What is the highest common divisor of 80 and x?
10
Let j(b) = 8*b + 35. Let q be j(-3). Calculate the greatest common factor of q and 88.
11
Suppose -g + 17 = -4*o, -8 = 3*o + 4*g - 0. Let v be (-2)/o - (-318)/4. Calculate the greatest common factor of 10 and v.
10
Let v = 1 + -1. Suppose v = -4*o - 29 + 101. Suppose 0 = 6*t - 329 + 5. Calculate the highest common divisor of t and o.
18
Let u(q) = 3*q + 89. Let k be u(29). What is the highest common factor of 11 and k?
11
Let u = -48 - -106. Let w = u - 36. What is the highest common factor of 33 and w?
11
Suppose 0*j + 73 = 3*m - 4*j, 102 = 4*m - 3*j. What is the greatest common factor of 18 and m?
9
Let k(r) = -2*r. Let n be k(-1). What is the greatest common divisor of n and 1?
1
Suppose -3*j + 25 = 2*j. Let h be ((-42)/10)/(1/j). Let i = 29 + h. What is the highest common factor of 1 and i?
1
Let q = 1 - -1. Suppose 3*b = a - 5*a - 4, -q*a = b + 4. Suppose -i + 39 = -5*z, 3*i + 2*z - 135 = -z. What is the greatest common divisor of b and i?
4
Let z(y) = 2*y**2 + 6*y. Let a be z(-4). Let t = 9 - a. Let f be 3 + -3 - -4 - t. Calculate the greatest common divisor of 27 and f.
3
Let h(b) = -b**2 + 5*b. Let o be h(5). Let s = o - -8. Calculate the highest common divisor of s and 1.
1
Let u(w) = -w - 9. Let q be u(8). Let o be q/(-5) - (-4)/(-10). Suppose -f + o*f = 42. What is the greatest common factor of 7 and f?
7
Let g(z) = -z*